n base 8, what is 623 - 0?
623
In base 6, what is -4 + 253?
245
In base 5, what is 10210 - -12?
10222
In base 2, what is -1010101 - -1001?
-1001100
In base 3, what is 11 - 10010201?
-10010120
In base 10, what is -125 + 45?
-80
In base 11, what is 163 - -14?
177
In base 9, what is 1338 - 3?
1335
In base 16, what is -11e + -5?
-123
In base 2, what is -11 - -1000000111111?
1000000111100
In base 4, what is -11 + -2013?
-2030
In base 2, what is -101 - -11111?
11010
In base 11, what is -3 + -70?
-73
In base 9, what is -1 - 53?
-54
In base 6, what is -2133 + 0?
-2133
In base 6, what is 115 - -54?
213
In base 8, what is -100 - 46?
-146
In base 2, what is -10110011 + 1?
-10110010
In base 4, what is 0 + 1031112?
1031112
In base 9, what is -12 + -14?
-26
In base 2, what is -100000 + 1011?
-10101
In base 12, what is 72 - -53?
105
In base 11, what is -79 - -36?
-43
In base 9, what is -2 - -366?
364
In base 11, what is 1283 + 1?
1284
In base 2, what is 101000011 - -1?
101000100
In base 10, what is 92 + 2?
94
In base 13, what is 1 + 207?
208
In base 4, what is 11 - 1002?
-331
In base 12, what is -36 + -3?
-39
In base 12, what is 2 - -59?
5b
In base 6, what is 5 + -4515?
-4510
In base 14, what is -1 + -17?
-18
In base 15, what is -e84 + -4?
-e88
In base 10, what is 17 + 286?
303
In base 13, what is 490 - 5?
488
In base 11, what is 2989 - 3?
2986
In base 3, what is -222 + 10111?
2112
In base 6, what is -122 - -33?
-45
In base 7, what is -2 - -1343?
1341
In base 2, what is 101 + 11110?
100011
In base 6, what is 3550 + -5?
3541
In base 16, what is -3 - 1d5?
-1d8
In base 3, what is -20201102 + -12?
-20201121
In base 3, what is 2 - -2020221?
2021000
In base 9, what is 34 - 130?
-85
In base 9, what is 0 - -60?
60
In base 7, what is -100 - 0?
-100
In base 10, what is 1041 - -5?
1046
In base 7, what is -55 + -2?
-60
In base 11, what is 4 - -13a8?
1401
In base 15, what is 0 + 28?
28
In base 12, what is -1 - b?
-10
In base 13, what is -309b - 2?
-30a0
In base 7, what is -140 - 0?
-140
In base 5, what is -2113 - 4?
-2122
In base 13, what is 5 + -23?
-1b
In base 10, what is -2 + -784?
-786
In base 4, what is -31 - -133?
102
In base 14, what is -91a - 5?
-921
In base 10, what is 188 - 2?
186
In base 6, what is -32 + 2210?
2134
In base 4, what is 10 - 1022?
-1012
In base 16, what is -2e - 5?
-33
In base 12, what is 4 - -45?
49
In base 6, what is -15405 - 2?
-15411
In base 15, what is -3 - 170?
-173
In base 5, what is -1 + 12014?
12013
In base 11, what is -2489 - 3?
-2491
In base 6, what is 213 + 1?
214
In base 2, what is -10010 + 101111?
11101
In base 16, what is -320 + -2?
-322
In base 4, what is 2110 + 22?
2132
In base 2, what is 1100 + 101?
10001
In base 13, what is 5 - -3c?
44
In base 11, what is -2 + -82?
-84
In base 13, what is -a + -19?
-26
In base 12, what is -12 - a5?
-b7
In base 14, what is 2bb + -4?
2b7
In base 3, what is 12 - -2011?
2100
In base 4, what is 1020 + -23?
331
In base 5, what is 423330 + 0?
423330
In base 8, what is -101 + 11?
-70
In base 5, what is 0 + 344?
344
In base 7, what is -10 - 321?
-331
In base 4, what is -10210113 - 2?
-10210121
In base 2, what is -1000011100100 + -1?
-1000011100101
In base 5, what is -11 - 333?
-344
In base 10, what is 3 - 7?
-4
In base 3, what is -1 - -10212?
10211
In base 15, what is b6 + 4?
ba
In base 13, what is 8b4 - 4?
8b0
In base 7, what is 5155 + 12?
5200
In base 5, what is -102 + -21?
-123
In base 12, what is 2a - 1?
29
In base 16, what is 2e - -6?
34
In base 16, what is f1 + -2?
ef
In base 14, what is 1 - 161?
-160
In base 14, what is -2 - dc?
-100
In base 9, what is -1 - 145?
-146
In base 6, what is -2210 + -2?
-2212
In base 2, what is -10 + 1000101?
1000011
In base 10, what is -14 - -638?
624
In base 8, what is 1127 - 2?
1125
In base 7, what is 161 + 163?
354
In base 16, what is 9 - -8?
11
In base 5, what is 10 - 10130?
-10120
In base 12, what is 15 - -b?
24
In base 11, what is -41 + -2?
-43
In base 12, what is -aa - 1?
-ab
In base 14, what is 3 - -18c?
191
In base 7, what is 1242 + 2?
1244
In base 12, what is -6 - -73?
69
In base 2, what is -10001010 + 10?
-10001000
In base 9, what is -5 - 3?
-8
In base 9, what is -16 - -1155?
1138
In base 16, what is 218 + a?
222
In base 11, what is 45 - 3?
42
In base 5, what is -1214 + 20?
-1144
In base 12, what is 5 + 81?
86
In base 7, what is 22 - 2?
20
In base 11, what is 306 + 7?
312
In base 16, what is -1aa + -4?
-1ae
In base 10, what is 17 + 54?
71
In base 8, what is 133 + -6?
125
In base 8, what is 2642 - -1?
2643
In base 7, what is 154425 + -2?
154423
In base 4, what is 1021 + 20?
1101
In base 11, what is 4 - 1363?
-135a
In base 4, what is -11 + 101?
30
In base 4, what is -3 + -12?
-21
In base 12, what is 73 + 7?
7a
In base 2, what is 100111101 + 10110?
101010011
In base 16, what is e + 2e?
3c
In base 8, what is -513 - 0?
-513
In base 15, what is -36 - -7?
-2e
In base 4, what is -11 + -22310?
-22321
In base 2, what is -101 - 101001?
-101110
In base 2, what is -101 - -100001100101?
100001100000
In base 12, what is -53 + -4?
-57
In base 9, what is -5 + -11421?
-11426
In base 12, what is 229 - -1a?
247
In base 3, what is -22112 - -12?
-22100
In base 13, what is 27 - 37?
-10
In base 9, what is -5 - 288?
-304
In base 12, what is -15 + 3?
-12
In base 6, what is -51 - -10?
-41
In base 16, what is 8 + 10?
18
In base 4, what is -10022 + 21?
-10001
In base 3, what is -11021111 - 2?
-11021120
In base 7, what is 3146 - 5?
3141
In base 14, what is -1685 - 4?
-1689
In base 10, what is 724 - 4?
720
In base 16, what is 0 + 6?
6
In base 6, what is 54 + 1035?
1133
In base 6, what is -5 - -1232?
1223
In base 8, what is -5 - 1243?
-1250
In base 10, what is 54 - 73?
-19
In base 15, what is -46 - -11?
-35
In base 9, what is 0 - -4044?
4044
In base 13, what is 172 - 3?
16c
In base 2, what is 111 + 10010?
11001
In base 10, what is 5 + -1144?
-1139
In base 10, what is 502 + 10?
512
In base 3, what is -120010 + -1?
-120011
In base 10, what is 457 - -6?
463
In base 14, what is 6 + a4?
aa
In base 9, what is 14 - 10?
4
In base 3, what is 1 - -10211?
10212
In base 14, what is 17b + 1?
17c
In base 2, what is 1100 - 1011?
1
In base 12, what is 2 + -72?
-70
In base 2, what is 110010101 - 10?
110010011
In base 7, what is 2 + -320?
-315
In base 13, what is -437 + 0?
-437
In base 11, what is -1 - 219?
-21a
In base 15, what is -1dc + -5?
-1e2
In base 11, what is 17 - 52?
-36
In base 13, what is 2312 + 0?
2312
In base 8, what is -10 - 5731?
-5741
In base 14, what is 1 - -1c?
1d
In base 6, what is 32 + 13?
45
In base 13, what is 177 - 2?
175
In base 4, what is 220 - 2?
212
In base 2, what is 101 - 110101?
-110000
In base 10, what is 0 - -135?
135
In base 13, what is -2 - -2ab?
2a9
In base 14, what is -532 - 1?
-533
In base 15, what is -50d - 3?
-511
In base 13, what is -301 + 4?
-2ca
In base 6, what is 43 - -11?
54
In base 14, what is 63 - -2?
65
In base 9, what is 35 + -424?
-378
In base 7, what is -14 + -2?
-16
In base 10, what is -867 - 3?
-870
In base 8, what is -2 - -413?
411
In base 7, what is -4 + -6?
-13
In base 10, what is 6 - 32?
-26
In base 11, what is -47 - -6?
-41
In base 14, what is 10 - -20d?
21d
In base 16, what is d99 + 4?
d9d
In base 3, what is 10 - -21001?
21011
In base 2, what is -10010 + 11001?
111
In base 7, what is 2 + -52?
-50
In base 15, what is 3800 + -4?
37eb
In base 6, what is 1 + 2?
3
In base 9, what is -1602 + 1?
-1601
In base 3, what is 100 - -2022?
2122
In base 4, what is 2303 + -12?
2231
In base 11, what is -96 + -48?
-133
In base 15, what is 280 - -3?
283
In base 15, what is d4 + 1?
d5
In base 5, what is -333221 - 1?
-333222
In base 11, what is 5 + -456?
-451
In base 9, what is -22 - 1?
-23
In base 10, what is 60 - 25?
35
In base 13, what is 819 - -2?
81b
In base 11, what is 1a5 - 2?
1a3
In base 15, what is 4 + 53?
57
In base 9, what is -15 + 1?
-14
In base 8, what is -41 - 6?
-47
In base 16, what is 13d - -1?
13e
In base 2, what is -10 + -1001011000?
-1001011010
In base 5, what is -2010 + 3?
-2002
In base 3, what is -10 - 12202?
-12212
In base 15, what is -35cd + 2?
-35cb
In base 15, what is 0 - 585?
-585
In base 7, what is 314532 + -4?
314525
In base 13, what is -c - -3c8?
3b9
In base 7, what is -10 + -520?
-530
In base 9, what is -4847 - 1?
-4848
In base 4, what